3041 a prime number?
True
Is 20587979 a prime number?
True
Is 34759579 a composite number?
False
Is 18455915 prime?
False
Is 44489689 a prime number?
False
Is 7550377 composite?
False
Is 586403 prime?
True
Is 12783373 a composite number?
True
Is 735407 a prime number?
False
Is 1182007 a prime number?
True
Is 307499 prime?
False
Is 9850261 a prime number?
True
Is 54128617 a composite number?
True
Is 1227283 prime?
False
Is 326135819 composite?
True
Is 12062599 composite?
False
Is 29737483 prime?
True
Is 1221085 composite?
True
Is 348885937 composite?
False
Is 2689223 composite?
False
Is 101022595 composite?
True
Is 5324857 prime?
False
Is 127217869 prime?
False
Is 6016007 composite?
True
Is 181748879 composite?
True
Is 10566199 composite?
True
Is 27874537 a composite number?
False
Is 24029609 prime?
True
Is 176038733 a prime number?
False
Is 1313107 composite?
True
Is 437420741 a prime number?
True
Is 5511119 prime?
False
Is 88928767 a composite number?
False
Is 14515841 a prime number?
False
Is 16662637 a prime number?
True
Is 79967 a composite number?
False
Is 7594709 a composite number?
False
Is 2499821 composite?
False
Is 9572183 composite?
False
Is 21360107 composite?
False
Is 10923833 prime?
False
Is 2243069 prime?
False
Is 77102159 prime?
True
Is 1279873 a prime number?
False
Is 14281 prime?
True
Is 220587901 a prime number?
True
Is 7094261 a prime number?
False
Is 138275539 a prime number?
True
Is 42440479 prime?
False
Is 4725181 a composite number?
True
Is 3066223 prime?
True
Is 18958931 a composite number?
False
Is 3763523 prime?
True
Is 842269 prime?
False
Is 5492807 composite?
True
Is 2208581 composite?
False
Is 2532349 composite?
False
Is 6306041 prime?
False
Is 31461517 a composite number?
False
Is 7505129 a composite number?
False
Is 32793169 prime?
False
Is 5663893 a prime number?
True
Is 66403 a prime number?
True
Is 619401 a composite number?
True
Is 436628693 a composite number?
False
Is 977309791 a composite number?
False
Is 18063391 prime?
True
Is 25097087 prime?
True
Is 26611661 prime?
True
Is 5470253 a prime number?
False
Is 2299637 prime?
True
Is 2851859 a composite number?
True
Is 3502943 prime?
True
Is 5002271 a prime number?
False
Is 2305949 composite?
False
Is 3230023 a composite number?
False
Is 60559469 a prime number?
True
Is 36031253 composite?
True
Is 85639 a prime number?
True
Is 39889 a composite number?
True
Is 4400995 prime?
False
Is 14754371 a composite number?
False
Is 185857849 a prime number?
False
Is 690231 composite?
True
Is 6406499 a composite number?
True
Is 4501117 composite?
True
Is 483563 a composite number?
False
Is 18684469 a prime number?
True
Is 6378101 a composite number?
False
Is 20097551 a composite number?
True
Is 870481 composite?
True
Is 270290323 prime?
True
Is 142436533 prime?
True
Is 36451033 composite?
False
Is 7671605 prime?
False
Is 2883143 prime?
True
Is 38606609 a composite number?
True
Is 10372903 a composite number?
False
Is 2632123 a prime number?
False
Is 4890167 a composite number?
True
Is 23014127 prime?
True
Is 2403911 a prime number?
True
Is 991409 composite?
False
Is 9982473 a composite number?
True
Is 5771491 prime?
False
Is 26736421 composite?
True
Is 465293 prime?
True
Is 136094773 a prime number?
False
Is 1365659 prime?
True
Is 410448505 composite?
True
Is 206593 prime?
True
Is 5066821 composite?
True
Is 1364809 composite?
False
Is 16210555 composite?
True
Is 236447063 composite?
True
Is 6142946 a prime number?
False
Is 191137 a prime number?
True
Is 4506043 a composite number?
False
Is 3715987 composite?
True
Is 1184587 prime?
True
Is 3857033 prime?
False
Is 2379613 composite?
False
Is 5213597 composite?
False
Is 14376581 a composite number?
False
Is 356203 composite?
True
Is 54784507 prime?
True
Is 5226909 prime?
False
Is 48808085 a composite number?
True
Is 125082367 composite?
True
Is 716686447 a prime number?
True
Is 7967191 composite?
True
Is 1087511353 prime?
True
Is 13717471 prime?
True
Is 20258783 prime?
False
Is 2819569 a prime number?
False
Is 68620649 prime?
True
Is 62126963 prime?
False
Is 5507797 a composite number?
True
Is 4263641 prime?
True
Is 10759786 a composite number?
True
Is 306847 prime?
True
Is 13684805 a composite number?
True
Is 3853649 a composite number?
False
Is 81394111 a composite number?
False
Is 190848981 composite?
True
Is 180043 prime?
True
Is 2339731 a prime number?
True
Is 216241 a prime number?
False
Is 69742163 a composite number?
True
Is 48373217 a prime number?
True
Is 3466451 prime?
False
Is 3492661 a composite number?
False
Is 1582699 a composite number?
True
Is 159643381 prime?
False
Is 4696037 prime?
False
Is 7985059 a prime number?
False
Is 52159363 a composite number?
True
Is 152342143 composite?
True
Is 8657321 a composite number?
True
Is 2027995 a prime number?
False
Is 5662781 prime?
True
Is 491223487 a prime number?
True
Is 31199605 a prime number?
False
Is 4325455 composite?
True
Is 4460837 a prime number?
True
Is 83303899 a composite number?
True
Is 396293 composite?
False
Is 15221029 prime?
True
Is 1084142 prime?
False
Is 2264291 a prime number?
False
Is 51818291 a prime number?
False
Is 4396361 a prime number?
True
Is 2793089 composite?
True
Is 3908287 composite?
False
Is 3504373 a prime number?
True
Is 1047719 prime?
False
Is 1674430649 a prime number?
True
Is 9724439 a prime number?
False
Is 28300939 a composite number?
True
Is 82187753 prime?
True
Is 145946897 a prime number?
False
Is 11765599 a composite number?
False
Is 9335131 a prime number?
False
Is 11051393 prime?
True
Is 50647 composite?
False
Is 43373041 composite?
False
Is 9006323 prime?
False
Is 38012149 a composite number?
True
Is 27614053 a prime number?
False
Is 118473029 composite?
True
Is 375452923 composite?
False
Is 56650211 composite?
False
Is 448765 a prime number?
False
Is 98479027 composite?
True
Is 90338837 composite?
True
Is 57691919 prime?
True
Is 23095857 a composite number?
True
Is 4324093 prime?
True
Is 3609581 a prime number?
True
Is 2649247 a composite number?
True
Is 1563258461 composite?
False
Is 17774426 a prime number?
False
Is 738277 prime?
False
Is 1314587 a prime number?
True
Is 1840559 a composite number?
True
Is 5479379 prime?
True
Is 10738139 composite?
False
Is 25614634 a composite number?
True
Is 3258449 composite?
False
Is 502441 prime?
True
Is 6226517 a prime number?
False
Is 49785803 prime?
True
Is 25460717 composite?
True
Is 182125381 a prime number?
True
Is 722633 prime?
True
Is 1452109 composite?
False
Is 83630189 prime?
True
Is 926557 a composite number?
False
Is 32177687 composite?
True
Is 168924923 prime?
False
Is 14662051 composite?
True
Is 49108559 a prime number?
False
Is 36255329 prime?
False
Is 3450691 a prime number?
False
Is 11206147 composite?
False
Is 30837801 a prime number?
False
Is 2613181 composite?
True
Is 23518663 a prime number?
False
Is 286315049 a composite number?
False
Is 632906403 prime?
False
Is 52262591 a prime number?
True
Is 18731623 a prime number?
True
Is 131869753 composite?
True
Is 7680857 a composite number?
True
Is 547951 composite?
False
Is 254498423 composite?
False
Is 24521834 composite?
True
Is 31025777 a composite number?
False
Is 7718149 composite?
True
Is 47214383 a composite number?
False
Is 52618393 composite?
True
Is 286444439 composite?
False
Is 2365963 a composite number?
False
Is 173277649 a prime number?
False
Is 354719 a prime number?
False
Is 45460169 composite?
False
Is 166566665 prime?
False
Is 5895229 prime?
True
Is 460821 prime?
False
Is 156854989 a composite number?
False
Is 27372809 a composite number?
True
Is 42525227 a prime number?
True
Is 2821369 a prime number?
True
Is 4294903 a prime number?
True
Is 54141211 prime?
True
Is 21805037 composite?
False
Is 258452783 prime?
True
Is 8748427 a composite number?
True
Is 211160629 a composite number?
True
Is 421489 composite?
True
Is 54203 a prime number?
False
Is 157275431 prime?
False
Is 12779387 a prime number?
True
Is 9953 prime?
False
Is 55558103 a prime number?
False
Is 2601143 composite?
False
Is 14238935 prime?
False
Is 22921697 a composite number?
False
Is 1510301 composite?
True
Is 9166301 a composite number?
False
Is 9859559 composite?
False
Is 7686631 a composite number?
False
Is 574853993 a prim